(y)?
47
Let j(v) = v**2 - 3*v - 5. Let a be j(4). Let r = 3 - a. Suppose 3*t - 56 = r*o, 7 = -2*t + 3*t + o. What are the prime factors of t?
2, 3
Let c(o) = -o**3 - 22*o**2 - 20*o + 29. Let s be c(-21). Suppose s*r - 5*r - 135 = 0. What are the prime factors of r?
3, 5
Let c(t) = t**3 - 4*t + 4. Suppose -7*x + 37 = 9. What are the prime factors of c(x)?
2, 13
List the prime factors of 8/(-12) + ((-19705)/(-15) - 5).
2, 3, 109
Suppose 0 = -19*m + 17*m + 420. List the prime factors of m.
2, 3, 5, 7
Suppose -6*l + 28 = -2. Suppose l*a - 394 = 171. What are the prime factors of a?
113
Suppose -z = 4*c - 972, 163 = -z - 5*c + 1137. What are the prime factors of z?
2, 241
Let m = -8 + 12. Suppose -m*w + 74 + 286 = 4*t, -3*t + 362 = 4*w. What are the prime factors of w?
2, 23
Let p be 4 + (-20)/(-8)*-4. Let f = p - -79. Suppose -4*x + 40 = -5*d - 59, 5*d = 3*x - f. List the prime factors of x.
2, 13
Let i(d) = 2*d**2 + 26*d + 6. Let q be i(-13). Suppose 0 = -q*f + 874 + 1100. What are the prime factors of f?
7, 47
Let h = -1789 + 2583. Suppose -7*x = -h - 396. List the prime factors of x.
2, 5, 17
Let i = 1035 - 387. What are the prime factors of i?
2, 3
What are the prime factors of (2995 - -1)/(13*(-8)/(-52))?
2, 7, 107
Let c = 27 - -319. What are the prime factors of c?
2, 173
Let t(k) = 31*k**3 - 4*k - 7. Let w(x) = -x + 10. Let n be w(8). Let c(p) = 15*p**3 - 2*p - 3. Let q(l) = n*t(l) - 5*c(l). What are the prime factors of q(-1)?
2, 3
Let f be (-2)/(-7) + 12/7. Suppose f*m = 6 - 0. Suppose m*u + 15 = -0*u, -u + 61 = 2*v. What are the prime factors of v?
3, 11
Suppose -3*d + 1166 + 1411 = 0. What are the prime factors of d?
859
Let w(j) = -j**3 - 10*j**2 - 6*j + 9. Let b be w(-9). What are the prime factors of (-6)/(b/(-3))*-14?
2, 7
Let j be (9 + (1 - 4))*(-4)/(-6). List the prime factors of 25/j*(30 + -6).
2, 3, 5
Suppose 15 = g - m, -g + 4*m = 7 - 19. List the prime factors of (-326)/g*-4 - (-1)/(-2).
3
Let l(a) = -5*a**2 + 20*a - 63. Let n(g) = g**2 - 5*g + 16. Let s(b) = -6*l(b) - 26*n(b). List the prime factors of s(7).
2, 3, 19
Suppose -2*v = -5*q + 4475 + 31, -4*v = 12. List the prime factors of q.
2, 3, 5
Suppose -5*g + 3820 = p + 4*p, 2*g - 3*p = 1508. What are the prime factors of g?
2, 5, 19
Let f = 34 - 34. Suppose 3*q = 4*g + 4, f*g + 3*g - 10 = -q. Suppose -q*d = -2*d - 50. List the prime factors of d.
5
Let t = -547 + 819. List the prime factors of t.
2, 17
Let a = -102 - -202. List the prime factors of a.
2, 5
List the prime factors of (3/(-2))/(1 + 44776/(-44752)).
2797
Let f be 6/(-3) - (4 + -98). Suppose -5*s + 4*s + 94 = -t, -s + f = -2*t. List the prime factors of s.
2, 3
Let b be -3 - (-1 - (130 - 2)). Suppose -7*s + 2*s = 4*n - 278, 4*s = 2*n - b. Suppose n = 2*z + 9. What are the prime factors of z?
29
Let b = 3612 + 312. List the prime factors of b.
2, 3, 109
List the prime factors of (-46313)/87*(-9)/3.
1597
Suppose -3*o - 4*i + 2171 = -3321, -3*o = 3*i - 5496. List the prime factors of o.
2, 3, 17
Suppose 3 = o - 4*o, -b - 5*o - 3 = 0. Suppose 3*n = -w + 2*n - 1, 8 = -b*n. Suppose -6*h = -2*h + w*i - 108, 4*h - 2*i = 88. What are the prime factors of h?
2, 3
Suppose 2*n + 2*j + 3*j = 23, -4*j + 32 = 5*n. Suppose 0 = -3*a + n*p - p + 195, 4*a - 265 = 3*p. What are the prime factors of a?
2, 5, 7
Let y = 692 + 17. What are the prime factors of y?
709
Suppose 0 = -0*g + 5*g + 4*x - 42, 3*g - 3*x - 9 = 0. Suppose 3*a - 18 = -g*v + 3*v, 3*v = 4*a - 17. List the prime factors of 1 + 8 - (-2 - v).
2, 3
Suppose 3936 = 11*a + 394. What are the prime factors of a?
2, 7, 23
Suppose 42*o = 44*o - 8. Suppose f = -o*v + 35, -4*f - v = -32 - 63. What are the prime factors of f?
23
Let j(i) = 4*i - 2. Let k be j(5). Let q be 4/6 - 12/k. Let u(x) = -2*x + 15. What are the prime factors of u(q)?
3, 5
Suppose 3*n - 3*l - 503 = -l, -n + 177 = -3*l. Suppose 2*d - 423 = -n. List the prime factors of d.
3, 43
Let k be ((-111)/2 - 2) + (-3)/6. Suppose 0 = -3*a + 4*a + 2*d - 96, 5*d + 61 = a. Let u = k + a. What are the prime factors of u?
2, 7
Let a(v) be the third derivative of v**4/24 - 11*v**3/6 - 3*v**2. Let d be a(11). Suppose d*i + 52 = 2*i. What are the prime factors of i?
2, 13
Let w(b) = -10*b - 26. Let g(m) = -3*m - 9. Let x(n) = 8*g(n) - 3*w(n). Let c = -545 - -548. List the prime factors of x(c).
2, 3
Let m(k) = -7*k + 92. What are the prime factors of m(-9)?
5, 31
Suppose -10*f + 2303 = -2107. List the prime factors of f.
3, 7
List the prime factors of 2/(12/1588*6/18).
2, 397
Let a be (-295)/(-35) - (-3)/(-7). Let o(c) = -c**3 + 9*c**2 + 2*c + 11. List the prime factors of o(a).
7, 13
Let d(m) = 8 - 26 + 14 + 11*m**2. What are the prime factors of d(-2)?
2, 5
Let u(k) = 18*k**3 + 3*k**2 + 3*k + 7. List the prime factors of u(3).
23
Suppose 11*z + 5*p = 10*z + 4294, -z + 4310 = p. List the prime factors of z.
2, 3, 719
What are the prime factors of (51/(-2))/((-1)/10)?
3, 5, 17
Let o(g) = 5*g**3 - g**2 + g - 1. Let s be o(1). Let x be (-32)/(-10) - s/20. Suppose 0*k = x*k - 12, -4*h + 36 = 3*k. List the prime factors of h.
2, 3
Suppose 5*y = -4*r - 916, -3*r + 5*r = 3*y - 458. What are the prime factors of 2/(-6)*(r - -19)?
2, 5, 7
Suppose -172 = 3*f - 46. Let s = f - -94. List the prime factors of s.
2, 13
Let i(y) be the second derivative of y**5/10 - 5*y**4/12 - 7*y**3/6 + y**2/2 - 23*y. What are the prime factors of i(5)?
7, 13
Suppose -3*h = 64 - 1183. List the prime factors of h.
373
Let x be (1 - -3) + 2/(-2). Suppose -2 - 1 = -3*t + x*v, 0 = 5*t + 5*v - 55. List the prime factors of t.
2, 3
Let m(c) = -c**3 + 10*c**2 - 12*c + 1. Let f be m(8). Let t = f - 20. What are the prime factors of t?
13
Suppose 10*q - 8*q = 32. Suppose 2*f = -2*f + q. Suppose w = -f*w + 30. What are the prime factors of w?
2, 3
Let u be (0 - -2) + -1 - -1. Let d(y) = 2*y + 6*y - 3 + 9*y + y. List the prime factors of d(u).
3, 11
Suppose 6 - 11 = -5*n, 26786 = 5*s - 4*n. What are the prime factors of s?
2, 3, 19, 47
Let c(b) = 2*b**2 + 7*b - 1. Let y be c(-5). Let s be ((-156)/(-15))/(y/175). Suppose -16*l + 14*l = -s. What are the prime factors of l?
5, 13
Suppose -5*x + 543 = 3*u - 10*x, 3*u - 522 = -2*x. Suppose r = 4*v - u, -4*v + 2*v + 82 = r. What are the prime factors of v?
43
Suppose -a + 4*l = -0*a - 2, 3*a - 4*l = 6. Let u be a - -1 - (-6 - -5). Suppose 0*s - 4*s + 144 = -2*m, 132 = u*s - 5*m. List the prime factors of s.
2, 19
Suppose -191*l + 195*l = 2632. What are the prime factors of l?
2, 7, 47
Suppose -3*w - w = -112. Suppose -3*n - 104 = -7*t + 2*t, -t + w = 3*n. Let y = -1 + t. List the prime factors of y.
3, 7
Let s(w) be the third derivative of -7*w**4/24 + 4*w**3/3 + 7*w**2. Let c be s(6). Let i = -18 - c. What are the prime factors of i?
2
Suppose -44 = -3*t + 2*t. Suppose 0 = 3*p + p - t. Let z = 14 - p. What are the prime factors of z?
3
Let g = -771 + 2023. What are the prime factors of g?
2, 313
Suppose 0 = -c - 3*r - 0 - 4, c - 5*r - 12 = 0. Suppose -31 = -c*d + v + 340, 2*d + v - 361 = 0. What are the prime factors of d?
3, 61
Let r be (-38)/(-2) - (-4)/4. Let c = 14 + r. Suppose 3*b - 55 = -2*t, 4*b - 175 + c = -5*t. What are the prime factors of t?
29
Suppose 2*y = 7 - 1. Suppose 0 = -2*k - y*k + 750. Suppose -k = -16*i + 11*i. What are the prime factors of i?
2, 3, 5
Suppose 5*x = -3*f + 32, x - 2*f = -0*x - 4. Suppose 0 = -3*t + 15, 113 = x*v + 5*t - 36. List the prime factors of v.
31
Suppose -4*i - i + 1699 = -4*g, 3*i = -3*g + 1014. What are the prime factors of i?
3, 113
Let r = 3 + 118. Let d = -68 + r. Let b = d + -26. What are the prime factors of b?
3
Let u(r) = 6*r. Let c be 26/4 - 21/14. Let h be u(c). Let f = h + -17. What are the prime factors of f?
13
Suppose -7*i = -1114 - 7769. What are the prime factors of i?
3, 47
Let b = -163 + 236. List the prime factors of b.
73
Suppose 4*r = 5*r - 460. List the prime factors of r.
2, 5, 23
Let x(s) = 2*s**3 + 4*s**2 + 7*s + 4. Let g be 1/2 - 10/(-4). Let n(c) = -c**3 + c**2 + c - 1. Let b(i) = g*n(i) + x(i). What are the prime factors of b(8)?
17
Suppose 2*a + a = -54. Let i = -18 - a. Suppose i = -p + 4*p - 54. What are the prime factors of p?
2, 3
Let d(y) = 2*y**2 + 3*y + 109. List the prime factors of d(-10).
3, 31
Suppose -2721 = -5*f - 896. What are